0748?
6
What is the ten millions digit of 1026478460?
2
What is the units digit of 1646839286?
6
What is the millions digit of 282920035?
2
What is the millions digit of 2051045203?
1
What is the hundred millions digit of 2366493622?
3
What is the hundreds digit of 4490702?
7
What is the hundred thousands digit of 387174245?
1
What is the tens digit of 1332277389?
8
What is the units digit of 113924936?
6
What is the thousands digit of 415812617?
2
What is the tens digit of 2598742335?
3
What is the hundred millions digit of 755420146?
7
What is the millions digit of 2894882573?
4
What is the millions digit of 67027349?
7
What is the billions digit of 4740943156?
4
What is the hundred millions digit of 527224885?
5
What is the ten millions digit of 49690338?
4
What is the hundred millions digit of 181969800?
1
What is the millions digit of 565371660?
5
What is the hundreds digit of 5444544854?
8
What is the ten millions digit of 3093338241?
9
What is the hundreds digit of 79436816?
8
What is the tens digit of 3739369838?
3
What is the hundred thousands digit of 117871040?
8
What is the hundred millions digit of 7268701618?
2
What is the tens digit of 4366535700?
0
What is the tens digit of 1607001122?
2
What is the tens digit of 717098192?
9
What is the hundred thousands digit of 956760298?
7
What is the hundred thousands digit of 1475121899?
1
What is the ten millions digit of 1098390092?
9
What is the hundreds digit of 113385720?
7
What is the ten millions digit of 119845380?
1
What is the ten thousands digit of 191841810?
4
What is the hundreds digit of 1307452238?
2
What is the units digit of 240847211?
1
What is the hundred millions digit of 932161866?
9
What is the units digit of 285359627?
7
What is the billions digit of 5628152218?
5
What is the hundred thousands digit of 247185306?
1
What is the thousands digit of 774766225?
6
What is the ten thousands digit of 459462057?
6
What is the ten thousands digit of 894954556?
5
What is the units digit of 332433980?
0
What is the thousands digit of 179726630?
6
What is the hundreds digit of 270797854?
8
What is the millions digit of 422638822?
2
What is the tens digit of 76960445?
4
What is the millions digit of 2804786585?
4
What is the units digit of 16858663?
3
What is the units digit of 109555763?
3
What is the hundred thousands digit of 36130853?
1
What is the ten thousands digit of 20820726?
2
What is the thousands digit of 193771336?
1
What is the ten thousands digit of 152535445?
3
What is the millions digit of 880537907?
0
What is the hundred thousands digit of 1302525?
3
What is the units digit of 309598139?
9
What is the millions digit of 67227277?
7
What is the hundred millions digit of 1167292546?
1
What is the hundreds digit of 5454796?
7
What is the ten thousands digit of 47083880?
8
What is the hundred thousands digit of 2407772?
4
What is the units digit of 46539776?
6
What is the ten thousands digit of 259882510?
8
What is the billions digit of 1117010243?
1
What is the units digit of 16816752?
2
What is the millions digit of 224971338?
4
What is the ten millions digit of 305214388?
0
What is the ten thousands digit of 998215114?
1
What is the tens digit of 2757386086?
8
What is the millions digit of 30722326?
0
What is the hundred thousands digit of 4633948167?
9
What is the hundred thousands digit of 144905693?
9
What is the hundred thousands digit of 3126335931?
3
What is the hundreds digit of 337733995?
9
What is the units digit of 28942549?
9
What is the hundreds digit of 2497929093?
0
What is the ten millions digit of 3205292039?
0
What is the ten millions digit of 43688894?
4
What is the ten thousands digit of 22285807?
8
What is the hundreds digit of 2697664129?
1
What is the ten thousands digit of 34811979?
1
What is the hundred millions digit of 246937919?
2
What is the tens digit of 3437865186?
8
What is the millions digit of 52746689?
2
What is the ten millions digit of 39252089?
3
What is the thousands digit of 1987591931?
1
What is the ten thousands digit of 12660476?
6
What is the thousands digit of 29420396?
0
What is the ten millions digit of 389636690?
8
What is the hundred thousands digit of 67346383?
3
What is the thousands digit of 46118127?
8
What is the ten thousands digit of 87794180?
9
What is the ten millions digit of 195915298?
9
What is the millions digit of 73330014?
3
What is the units digit of 1084625111?
1
What is the hundred millions digit of 303875446?
3
What is the thousands digit of 41613587?
3
What is the billions digit of 2176710993?
2
What is the ten millions digit of 226801769?
2
What is the hundred thousands digit of 179262496?
2
What is the billions digit of 2616094278?
2
What is the hundred thousands digit of 165397886?
3
What is the ten thousands digit of 1236155140?
5
What is the hundred thousands digit of 629571830?
5
What is the billions digit of 1146585463?
1
What is the millions digit of 1344366859?
4
What is the ten millions digit of 72250665?
7
What is the hundreds digit of 30557586?
5
What is the millions digit of 847865192?
7
What is the hundred millions digit of 139638570?
1
What is the millions digit of 226570711?
6
What is the ten millions digit of 10125480?
1
What is the billions digit of 3736319616?
3
What is the thousands digit of 359635074?
5
What is the tens digit of 30459073?
7
What is the units digit of 828648?
8
What is the billions digit of 8165882121?
8
What is the hundred thousands digit of 761381645?
3
What is the thousands digit of 163134850?
4
What is the thousands digit of 68694956?
4
What is the hundred thousands digit of 3932941965?
9
What is the ten millions digit of 67914845?
6
What is the hundred millions digit of 129545226?
1
What is the billions digit of 1366901660?
1
What is the thousands digit of 133635590?
5
What is the tens digit of 83849413?
1
What is the hundred millions digit of 1575074657?
5
What is the ten thousands digit of 1286790331?
9
What is the tens digit of 3568484517?
1
What is the hundreds digit of 729387?
3
What is the hundred thousands digit of 218133350?
1
What is the hundred millions digit of 574259915?
5
What is the millions digit of 181064820?
1
What is the billions digit of 1410008379?
1
What is the ten thousands digit of 39775591?
7
What is the hundred thousands digit of 74813745?
8
What is the thousands digit of 2024698920?
8
What is the hundred thousands digit of 15957952?
9
What is the ten millions digit of 27206238?
2
What is the hundred thousands digit of 27133739?
1
What is the hundreds digit of 433759351?
3
What is the hundred millions digit of 125325526?
1
What is the tens digit of 73367987?
8
What is the thousands digit of 486961209?
1
What is the tens digit of 59559800?
0
What is the units digit of 311879914?
4
What is the hundred millions digit of 473691145?
4
What is the tens digit of 2775683904?
0
What is the hundred thousands digit of 29600704?
6
What is the hundred millions digit of 558554647?
5
What is the millions digit of 831136812?
1
What is the ten thousands digit of 144786625?
8
What is the ten millions digit of 7364255160?
6
What is the thousands digit of 50565351?
5
What is the ten thousands digit of 203059957?
5
What is the ten millions digit of 3561030207?
6
What is the hundred millions digit of 2252735008?
2
What is the units digit of 91574715?
5
What is the tens digit of 3632524?
2
What is the millions digit of 1172282326?
2
What is the billions digit of 5694042763?
5
What is the tens digit of 131365903?
0
What is the thousands digit of 80652703?
2
What is the units digit of 20977992?
2
What is the millions digit of 4999411?
4
What is the units digit of 223688069?
9
What is the tens digit of 1439301850?
5
What is the thousands digit of 10336123?
6
What is the millions digit of 57046018?
7
What is the hundred thousands digit of 3317114689?
1
What is the thousands digit of 9206337?
6
What is the ten thousands digit of 64156322?
5
What is the hundred thousands digit of 63613142?
6
What is the ten millions digit of 41360345?
4
What is the hundred thousands digit of 3357348878?
3
What is the millions digit of 3043044?
3
What is the ten thousands digit of 58614415?
1
What is the thousands digit of 124895636?
5
What is the hundred thousands digit o